 -8*q - 3. What is the remainder when h(-4) is divided by 16?
13
Let q = 140 - 66. Let h(f) = -16*f + 3. What is the remainder when q is divided by h(-1)?
17
Let m = 17 + -10. Suppose -4*q + 5*q - 26 = -2*y, -4*q = 5*y - 65. What is the remainder when y is divided by m?
6
Let i(o) = 0 + o + 5*o**2 + 0*o + 7 + 3*o**2 - o**3. Calculate the remainder when i(8) is divided by 6.
3
Let l = -29 - -51. What is the remainder when l is divided by 12?
10
Suppose -24 = 4*u - h, -4*u + 5 = 2*h + 41. Let c = u + 15. Suppose -85 = -4*w + 3. What is the remainder when w is divided by c?
6
Suppose 8*b - 2*b - 168 = 0. Suppose 0 = 5*s - 5, 0 = 3*q + 4*s - 1 - 57. Let z = q + -3. Calculate the remainder when b is divided by z.
13
Let j(b) = -2*b - 6. Let d be j(-4). Suppose 4*u = d*s - 26, 0*s + s = 3*u + 15. Calculate the remainder when 25 is divided by s.
7
Let f(u) = 22*u + 1. Let x be 3 - (-3)/(-2 + -1). Suppose 0 = r - 10 + x. Calculate the remainder when f(1) is divided by r.
7
Suppose -5*y - 22 + 222 = 0. Calculate the remainder when y is divided by (28/6)/((-3)/(-9)).
12
Suppose 5*g - 3*n + 53 - 154 = 0, 3*g + n - 55 = 0. Calculate the remainder when g is divided by 0/(-1) - (-5 + 0).
4
Let u = 3 - -1. Suppose -2*x = 6, -u*i - 3*x - 2*x + 105 = 0. Let s = i - 16. Calculate the remainder when 27 is divided by s.
13
Suppose -71*u - 20 = -75*u. Let h = 3 - -5. Calculate the remainder when h is divided by u.
3
Calculate the remainder when 1 - (-3 - 19) - 3 is divided by 6.
2
Let j(s) = 4*s + 1 - 3 + 5*s**2 + 6 + 4*s**2. Calculate the remainder when j(-3) is divided by 25.
23
Let o(h) = -h**3 - 6*h**2 + 9*h + 7. Let m be o(-7). Let u = -13 - m. Let j = 43 + u. What is the remainder when j is divided by 10?
7
Let u = -37 + 44. Calculate the remainder when 41 is divided by u.
6
Let t(n) = 4*n**2 - 6*n - 1. Let l be t(5). Suppose -3*c = -k - c + 9, -l = -5*k + 4*c. What is the remainder when 67 is divided by k?
16
Let h(o) = 5 - o**3 + 6*o**2 + 0*o**3 + 2*o**3. Let n be h(-6). Suppose n*u = 251 + 14. What is the remainder when u is divided by 18?
17
Let p(r) = 3*r - 2. Let u be p(4). Suppose -c + 3*d = c - u, 0 = 3*c + 4*d - 15. Calculate the remainder when 17 is divided by c.
2
Let h(j) = -j**2 + 4*j - 1. Suppose 0 = 2*l + 2*l - 24. What is the remainder when l is divided by h(3)?
0
Suppose -8 = -f - 2*u, -f + 5*u - 18 = -3*f. Calculate the remainder when 42 is divided by f.
2
Suppose -d = -5*x + 12 + 19, 4*d - 37 = -3*x. Let i(w) = 3*w + 1. Let u be i(5). Let j = u - x. What is the remainder when 17 is divided by j?
8
Let q(p) = -p**2 + 9*p - 4. What is the remainder when (-9)/15 - 266/(-10) is divided by q(6)?
12
Let y(a) = a**3 + 11*a**2 + 10*a + 6. What is the remainder when y(-9) is divided by 27?
24
Suppose -4*x - 5*y + 47 + 18 = 0, -5*y = 3*x - 50. Let p = -28 - 25. Let z = p - -96. Calculate the remainder when z is divided by x.
13
Suppose 2*l = -5*z - 2*l + 20, 2*l = -z + 4. Suppose -3*q + 26 = z*u - 3*u, 2*u - 82 = 4*q. Calculate the remainder when u is divided by 1/(1/(-1)) + 13.
11
Let c(h) = h**2 - h - 1. Let n(p) = 4*p**2 - 2*p + 1. Calculate the remainder when n(-2) is divided by c(4).
10
Suppose 174 = 5*q - 3*k, -7*q + 5*k = -3*q - 134. Suppose -8*s + 5*x = -4*s - 101, -4*s - 2*x = -66. Calculate the remainder when q is divided by s.
17
Suppose -3*x - 5*o = -0*x - 20, 3*o + 22 = 5*x. Let v = x - -1. Calculate the remainder when v is divided by 3.
0
Let v(q) = 2*q + 20. What is the remainder when 13 is divided by v(-6)?
5
Let x(g) = g**2 - 14*g - 23. What is the remainder when 44 is divided by x(16)?
8
Let r = -34 + 42. What is the remainder when r is divided by 5?
3
Let t = -6 - -12. Suppose 0 = -5*r - 4*h + t, 4 = -h + 3. What is the remainder when 4 is divided by r?
0
Let b(x) = -x**3 - x**2 + 2*x + 2. Let h be b(-2). Let v(f) = h - 11*f - 3 + 3. What is the remainder when v(-2) is divided by 13?
11
Suppose 33 = 3*p + 3*u, -2 = -5*u - 22. What is the remainder when p is divided by 4?
3
Calculate the remainder when 1/4 + 7/4 is divided by 2.
0
Suppose -5*k + 4*r + 12 = 5*r, 0 = -k + 5*r + 18. Let b = 4 + -1. Suppose b*a - 14 = -4*s + 12, 3*s = 4*a + 7. Calculate the remainder when s is divided by k.
2
Let o = 18 - 11. Suppose -3*b = -2*f - 70, 5*b - 115 = -2*f + 5*f. What is the remainder when b is divided by o?
6
Suppose -3*r - 45 = -249. Let z = r + -10. What is the remainder when z is divided by 20?
18
Suppose 0 = 2*z - 2, -13 + 105 = 5*f + 2*z. Suppose -208 = 2*i - 6*i. What is the remainder when i is divided by f?
16
Let d = 2 - 0. Let c be 75/(-10) - (-6)/4. Let h = -4 - c. Calculate the remainder when d is divided by h.
0
Let g = 91 + -64. Suppose g - 129 = -3*u. What is the remainder when u is divided by 12?
10
Suppose 3*x - 3 = 0, -x - 54 - 25 = -4*j. Let l(p) = p**3 + 7*p**2 - 10*p - 9. What is the remainder when j is divided by l(-8)?
6
Let p(n) = 2*n**2 - 2*n - 1. Let j be p(-1). Suppose 6*y - 4*y + 176 = 5*v, -j*v = -3*y - 111. Calculate the remainder when v is divided by 19.
15
What is the remainder when 10 is divided by 14/(-21) - (-20)/3?
4
Suppose 5*m - 7 - 36 = -2*h, 4*m = 5*h + 8. What is the remainder when 19 is divided by m?
5
Suppose 51 = 2*g - 19. What is the remainder when g is divided by 13?
9
Let u(f) be the first derivative of -f**4/4 + 11*f**3/3 - 4*f**2 + 6*f - 2. Let j = -7 + 17. What is the remainder when u(j) is divided by 14?
12
Let g(q) = q**2 + q + 2. Let t(d) = -d**2 + d + 8. Calculate the remainder when g(-5) is divided by t(0).
6
Let j = 441 + -420. What is the remainder when j is divided by 3/12 + (-47)/(-4)?
9
Suppose i + c + 30 = -2*c, 3*i + 3*c = -108. Let k = i - -58. Let z(w) = 5*w**2 + 5*w - 4. What is the remainder when z(3) is divided by k?
18
Suppose -5*q = -k + 14, 3*q + 4 + 14 = 3*k. What is the remainder when 15 is divided by k?
3
Let p be (-2)/7 - (-46)/14. Suppose -p*l + 4*j + 30 = 0, 0*j - 2*j - 20 = -2*l. Calculate the remainder when 36 is divided by l.
6
Let t(x) be the third derivative of -1/24*x**4 + 0 - 1/120*x**6 + 0*x - 2/3*x**3 + 2*x**2 - 1/10*x**5. What is the remainder when 5 is divided by t(-6)?
1
What is the remainder when 102 is divided by 12*1/(-2 - 116/(-52))?
50
Calculate the remainder when 62 is divided by 21 + (2 - 2)/(-2).
20
Let r(s) = s**3 + 4*s**2 - 8*s - 14. Suppose 0 = -3*x + 15, 0*w + 2*w + 4*x = 86. Calculate the remainder when w is divided by r(-4).
15
Let a(s) = s**2 + 3*s - 12. Let p = -2 + 4. What is the remainder when -1*2 + 34/p is divided by a(-6)?
3
Let b(m) = 20*m + 3. Let a be b(5). Suppose -3 + a = 4*w. Suppose 0 = -5*o + 3*n + 17, 7*n = -5*o + 2*n + w. What is the remainder when 6 is divided by o?
2
Let o be ((-20)/(-8) + -2)*4. Suppose 0 = o*n - 17 - 3. Calculate the remainder when n is divided by 7.
3
Suppose -5*s = -2*x - 14, -2*s + 23 = 5*x - 0*s. Suppose -3*h - 4*g - 11 = 0, -13 = 3*h - 4*g + 6. Let n = 9 + h. What is the remainder when n is divided by x?
1
Suppose 205 = -5*q - 110. Suppose -4*k = -8*k - 176. Let n = k - q. Calculate the remainder when n is divided by 7.
5
Let q = 0 + 2. Suppose -3*a - q*a = -200. Suppose -3*o - 12 = -2*s + o, 0 = -2*s - 3*o + 40. Calculate the remainder when a is divided by s.
12
Let b(d) = -d**3 - 5*d**2 - 8*d - 11. Calculate the remainder when 56 is divided by b(-5).
27
Let b = -19 + 59. Suppose 0 = 3*l - 2*i - 20, -5*l + 2*i + b = -0*i. Calculate the remainder when l is divided by 3.
1
Let m(f) = f**3 - 8*f**2 - 10*f + 18. Suppose 0 = 2*d - 0 - 6. Calculate the remainder when m(9) is divided by d.
0
Let n(t) be the third derivative of t**6/120 + t**5/12 + t**4/12 - 2*t**3/3 - 8*t**2. What is the remainder when 21 is divided by n(-3)?
5
Suppose 34 = 4*d - 58. Calculate the remainder when 65 is divided by d.
19
Let l = -2 + -4. Let q(s) = -s**2 - 6*s + 3. Calculate the remainder when q(l) is divided by 1.
0
Let b(m) = 9*m + 2. Suppose 4*l - 9*l + 55 = 0. What is the remainder when b(6) is divided by l/(-33) + (-116)/(-6)?
18
Let w(o) = -2*o**2 - o + o + 2*o**3 + 3*o**3 + o. Let t be w(1). What is the remainder when 8 is divided by t/26 + 63/13?
3
Suppose 0 = 5*a - 3*h + 27, -a + 5*h = -8 + 31. Let s be 2/a*3/(-2). Let d(o) = 36*o**3 - 2*o**2 + o. What is the remainder when d(s) is divided by 12?
11
Let j = 3 